{"id":10537,"date":"2025-05-16T19:32:01","date_gmt":"2025-05-16T22:32:01","guid":{"rendered":"https:\/\/vansegcorretora.net\/consorcios\/?page_id=10537"},"modified":"2025-06-24T12:22:28","modified_gmt":"2025-06-24T15:22:28","slug":"agenda","status":"publish","type":"page","link":"https:\/\/vansegcorretora.net\/consorcios\/agenda\/","title":{"rendered":"Agendamentos"},"content":{"rendered":"<div class=\"wpb-content-wrapper\"><p>[vc_row][vc_column width=\"1\/4\"][\/vc_column][vc_column width=\"1\/2\" css=\".vc_custom_1750778545759{margin-top: -10px !important;margin-bottom: -30px !important;}\" woodmart_css_id=\"685ac2a95d506\" parallax_scroll=\"no\" woodmart_sticky_column=\"false\" wd_collapsible_content_switcher=\"no\" wd_column_role_offcanvas_desktop=\"no\" wd_column_role_offcanvas_tablet=\"no\" wd_column_role_offcanvas_mobile=\"no\" wd_column_role_content_desktop=\"no\" wd_column_role_content_tablet=\"no\" wd_column_role_content_mobile=\"no\" mobile_bg_img_hidden=\"no\" tablet_bg_img_hidden=\"no\" woodmart_parallax=\"0\" woodmart_box_shadow=\"no\" responsive_spacing=\"eyJwYXJhbV90eXBlIjoid29vZG1hcnRfcmVzcG9uc2l2ZV9zcGFjaW5nIiwic2VsZWN0b3JfaWQiOiI2ODVhYzJhOTVkNTA2Iiwic2hvcnRjb2RlIjoidmNfY29sdW1uIiwiZGF0YSI6eyJ0YWJsZXQiOnt9LCJtb2JpbGUiOnt9fX0=\" mobile_reset_margin=\"no\" tablet_reset_margin=\"no\" wd_z_index=\"no\"]\n\t\t<div id=\"wd-682898f25054b\" class=\"title-wrapper wd-wpb set-mb-s reset-last-child  wd-rs-682898f25054b wd-title-color-default wd-title-style-default text-center  wd-underline-colored\">\n\t\t\t\n\t\t\t<div class=\"liner-continer\">\n\t\t\t\t<h4 class=\"woodmart-title-container title  wd-font-weight- wd-fontsize-l\" >Agendamento de Reuni\u00e3o<\/h4>\n\t\t\t\t\t\t\t<\/div>\n\t\t\t\n\t\t\t\n\t\t\t\n\t\t<\/div>\n\t\t\n\t\t[\/vc_column][vc_column width=\"1\/4\"][\/vc_column][\/vc_row][vc_row][vc_column][vc_column_text css=\"\" woodmart_inline=\"no\" text_larger=\"no\"]<\/p>\n<p style=\"text-align: center;\"><div class=\"fcal_cal_wrap fcal-light-mode\">\n    <div class=\"fluent_booking_app\" data-calendar_id=\"1\"\n         data-event_id=\"1\"><\/div>\n    <\/div>\n\n<style>\n    .fcal_phone_wrapper .flag {\n        background: url(https:\/\/vansegcorretora.net\/consorcios\/wp-content\/plugins\/fluent-booking\/assets\/images\/flags_responsive.png) no-repeat;\n        background-size: 100%;\n    }\n<\/style>\n<\/p>\n<p>[\/vc_column_text][\/vc_column][\/vc_row][vc_row][vc_column width=\"1\/6\"][\/vc_column][vc_column width=\"2\/3\"][vc_column_text css=\"\" woodmart_inline=\"no\" text_larger=\"no\"]Abordaremos uma an\u00e1lise personalizada sobre como programar a constru\u00e7\u00e3o do seu patrim\u00f4nio com cons\u00f3rcio.<br \/>\nNesta reuni\u00e3o individual e 100% focada nas suas necessidades, vamos <em><strong>apresentar nosso planejamento.<\/strong><\/em><\/p>\n<p>\ud83d\udd39 Solu\u00e7\u00f5es flex\u00edveis j\u00e1 adotadas por clientes contemplados;<br \/>\n\ud83d\udd39 Como aumentar suas chances de participar das assembl\u00e9ias e contempla\u00e7\u00f5es;<br \/>\n\ud83d\udd39 Respostas claras sobre implementa\u00e7\u00e3o, prazos e d\u00favidas espec\u00edficas do seu contexto.[\/vc_column_text][\/vc_column][vc_column width=\"1\/6\"][\/vc_column][\/vc_row][vc_row][vc_column width=\"1\/4\"][\/vc_column][vc_column width=\"1\/4\"][vc_column_text css=\"\" woodmart_inline=\"no\" text_larger=\"no\"]Ol\u00e1, para falar comigo voc\u00ea pode agendar um hor\u00e1rio no calend\u00e1rio acima, atrav\u00e9s de telefone ou uma visita presencial.<\/p>\n<p>Ou se preferir, clique no bot\u00e3o e chame atrav\u00e9s do Whatsapp.[\/vc_column_text][\/vc_column][vc_column width=\"1\/4\"][vc_column_text css=\"\" woodmart_inline=\"no\" text_larger=\"no\"]<div class=\"nta_wa_button\" data-id=\"10565\" data-info=\"{&quot;name&quot;:&quot;Luiz Oliveira&quot;,&quot;info&quot;:{&quot;number&quot;:&quot;+5513974031267&quot;,&quot;title&quot;:&quot;Dep. Benef\\u00edcios&quot;,&quot;predefinedText&quot;:&quot;&quot;,&quot;willBeBackText&quot;:&quot;Eu voltarei em [njwa_time_work]&quot;,&quot;dayOffsText&quot;:&quot;Eu voltarei em breve&quot;,&quot;isAlwaysAvailable&quot;:&quot;OFF&quot;,&quot;daysOfWeekWorking&quot;:{&quot;sunday&quot;:{&quot;isWorkingOnDay&quot;:&quot;ON&quot;,&quot;workHours&quot;:[{&quot;startTime&quot;:&quot;09:00&quot;,&quot;endTime&quot;:&quot;12:00&quot;}]},&quot;monday&quot;:{&quot;isWorkingOnDay&quot;:&quot;ON&quot;,&quot;workHours&quot;:[{&quot;startTime&quot;:&quot;09:00&quot;,&quot;endTime&quot;:&quot;19:00&quot;}]},&quot;tuesday&quot;:{&quot;isWorkingOnDay&quot;:&quot;ON&quot;,&quot;workHours&quot;:[{&quot;startTime&quot;:&quot;09:00&quot;,&quot;endTime&quot;:&quot;19:00&quot;}]},&quot;wednesday&quot;:{&quot;isWorkingOnDay&quot;:&quot;ON&quot;,&quot;workHours&quot;:[{&quot;startTime&quot;:&quot;09:00&quot;,&quot;endTime&quot;:&quot;19:00&quot;}]},&quot;thursday&quot;:{&quot;isWorkingOnDay&quot;:&quot;ON&quot;,&quot;workHours&quot;:[{&quot;startTime&quot;:&quot;09:00&quot;,&quot;endTime&quot;:&quot;19:00&quot;}]},&quot;friday&quot;:{&quot;isWorkingOnDay&quot;:&quot;ON&quot;,&quot;workHours&quot;:[{&quot;startTime&quot;:&quot;09:00&quot;,&quot;endTime&quot;:&quot;18:00&quot;}]},&quot;saturday&quot;:{&quot;isWorkingOnDay&quot;:&quot;ON&quot;,&quot;workHours&quot;:[{&quot;startTime&quot;:&quot;09:00&quot;,&quot;endTime&quot;:&quot;14:00&quot;}]}}},&quot;styles&quot;:{&quot;type&quot;:&quot;round&quot;,&quot;backgroundColor&quot;:&quot;#2DB742&quot;,&quot;textColor&quot;:&quot;#fff&quot;,&quot;label&quot;:&quot;Em que posso ajudar?&quot;,&quot;width&quot;:300,&quot;height&quot;:64},&quot;avatar&quot;:&quot;https:\\\/\\\/vansegcorretora.net\\\/consorcios\\\/wp-content\\\/uploads\\\/2025\\\/05\\\/foto_luiz.png&quot;,&quot;options&quot;:{&quot;display&quot;:{&quot;displayCondition&quot;:&quot;includePages&quot;,&quot;includePages&quot;:[&quot;5288&quot;,&quot;9565&quot;],&quot;excludePages&quot;:[],&quot;includePosts&quot;:[],&quot;showOnDesktop&quot;:&quot;ON&quot;,&quot;showOnMobile&quot;:&quot;ON&quot;,&quot;time_symbols&quot;:&quot;h:m&quot;},&quot;styles&quot;:{&quot;title&quot;:&quot;Iniciar a conversa&quot;,&quot;responseText&quot;:&quot;Normalmente a equipe responde em alguns minutos. Aguarde!&quot;,&quot;description&quot;:&quot;&lt;span style=\\&quot;vertical-align: inherit\\&quot;&gt;Ol\\u00e1!&lt;\\\/span&gt;\\r\\n\\r\\n&lt;span style=\\&quot;vertical-align: inherit\\&quot;&gt;Selecione um dos atendentes abaixo para conversar no WhatsApp.&lt;\\\/span&gt;&quot;,&quot;backgroundColor&quot;:&quot;#2db742&quot;,&quot;textColor&quot;:&quot;#fff&quot;,&quot;scrollHeight&quot;:&quot;500&quot;,&quot;isShowScroll&quot;:&quot;OFF&quot;,&quot;isShowResponseText&quot;:&quot;OFF&quot;,&quot;isShowPoweredBy&quot;:&quot;ON&quot;,&quot;btnLabel&quot;:&quot;Em que posso ajudar? &lt;strong&gt;Fale conosco&lt;\\\/strong&gt;&quot;,&quot;btnLabelWidth&quot;:&quot;156&quot;,&quot;btnPosition&quot;:&quot;right&quot;,&quot;btnLeftDistance&quot;:&quot;30&quot;,&quot;btnRightDistance&quot;:&quot;60&quot;,&quot;btnBottomDistance&quot;:&quot;83&quot;,&quot;isShowBtnLabel&quot;:&quot;ON&quot;,&quot;isShowGDPR&quot;:&quot;OFF&quot;,&quot;gdprContent&quot;:&quot;Please accept our &lt;a href=\\&quot;https:\\\/\\\/ninjateam.org\\\/privacy-policy\\\/\\&quot;&gt;privacy policy&lt;\\\/a&gt; first to start a conversation.&quot;,&quot;widgetType&quot;:&quot;expandable&quot;},&quot;analytics&quot;:{&quot;enabledGoogle&quot;:&quot;OFF&quot;,&quot;enabledFacebook&quot;:&quot;OFF&quot;,&quot;enabledGoogleGA4&quot;:&quot;OFF&quot;}},&quot;gdprStatus&quot;:false,&quot;defaultAvatar&quot;:&quot;https:\\\/\\\/vansegcorretora.net\\\/consorcios\\\/wp-content\\\/plugins\\\/whatsapp-for-wordpress\\\/assets\\\/img\\\/whatsapp_logo.svg&quot;}\"><\/div>[\/vc_column_text][\/vc_column][vc_column width=\"1\/4\"][\/vc_column][\/vc_row][vc_row woodmart_css_id=\"682eb2f4c0755\" responsive_spacing=\"eyJwYXJhbV90eXBlIjoid29vZG1hcnRfcmVzcG9uc2l2ZV9zcGFjaW5nIiwic2VsZWN0b3JfaWQiOiI2ODJlYjJmNGMwNzU1Iiwic2hvcnRjb2RlIjoidmNfcm93IiwiZGF0YSI6eyJ0YWJsZXQiOnt9LCJtb2JpbGUiOnt9fX0=\" mobile_bg_img_hidden=\"no\" tablet_bg_img_hidden=\"no\" woodmart_parallax=\"0\" woodmart_gradient_switch=\"no\" woodmart_box_shadow=\"no\" wd_z_index=\"no\" woodmart_disable_overflow=\"0\" row_reverse_mobile=\"0\" row_reverse_tablet=\"0\" css=\".vc_custom_1747890955636{margin-top: -15px !important;margin-bottom: -30px !important;}\"][vc_column css=\".vc_custom_1747890991867{margin-bottom: -30px !important;}\" woodmart_css_id=\"682eb326afbbf\" parallax_scroll=\"no\" woodmart_sticky_column=\"false\" wd_collapsible_content_switcher=\"no\" wd_column_role_offcanvas_desktop=\"no\" wd_column_role_offcanvas_tablet=\"no\" wd_column_role_offcanvas_mobile=\"no\" wd_column_role_content_desktop=\"no\" wd_column_role_content_tablet=\"no\" wd_column_role_content_mobile=\"no\" mobile_bg_img_hidden=\"no\" tablet_bg_img_hidden=\"no\" woodmart_parallax=\"0\" woodmart_box_shadow=\"no\" responsive_spacing=\"eyJwYXJhbV90eXBlIjoid29vZG1hcnRfcmVzcG9uc2l2ZV9zcGFjaW5nIiwic2VsZWN0b3JfaWQiOiI2ODJlYjMyNmFmYmJmIiwic2hvcnRjb2RlIjoidmNfY29sdW1uIiwiZGF0YSI6eyJ0YWJsZXQiOnt9LCJtb2JpbGUiOnt9fX0=\" mobile_reset_margin=\"no\" tablet_reset_margin=\"no\" wd_z_index=\"no\"][vc_separator css=\"\" wd_hide_on_desktop=\"no\" wd_hide_on_tablet=\"no\" wd_hide_on_mobile=\"no\"][\/vc_column][\/vc_row]<\/p>\n<\/div>","protected":false},"excerpt":{"rendered":"<p>[vc_row][vc_column width=\"1\/4\"][\/vc_column][vc_column width=\"1\/2\" css=\".vc_custom_1750778545759{margin-top: -10px !important;margin-bottom: -30px !important;}\" woodmart_css_id=\"685ac2a95d506\" parallax_scroll=\"no\" woodmart_sticky_column=\"false\" wd_collapsible_content_switcher=\"no\" wd_column_role_offcanvas_desktop=\"no\" wd_column_role_offcanvas_tablet=\"no\" wd_column_role_offcanvas_mobile=\"no\" wd_column_role_content_desktop=\"no\" wd_column_role_content_tablet=\"no\" wd_column_role_content_mobile=\"no\" mobile_bg_img_hidden=\"no\" tablet_bg_img_hidden=\"no\"<\/p>\n","protected":false},"author":1,"featured_media":0,"parent":0,"menu_order":0,"comment_status":"closed","ping_status":"closed","template":"","meta":{"footnotes":""},"class_list":["post-10537","page","type-page","status-publish","hentry"],"_links":{"self":[{"href":"https:\/\/vansegcorretora.net\/consorcios\/wp-json\/wp\/v2\/pages\/10537","targetHints":{"allow":["GET"]}}],"collection":[{"href":"https:\/\/vansegcorretora.net\/consorcios\/wp-json\/wp\/v2\/pages"}],"about":[{"href":"https:\/\/vansegcorretora.net\/consorcios\/wp-json\/wp\/v2\/types\/page"}],"author":[{"embeddable":true,"href":"https:\/\/vansegcorretora.net\/consorcios\/wp-json\/wp\/v2\/users\/1"}],"replies":[{"embeddable":true,"href":"https:\/\/vansegcorretora.net\/consorcios\/wp-json\/wp\/v2\/comments?post=10537"}],"version-history":[{"count":32,"href":"https:\/\/vansegcorretora.net\/consorcios\/wp-json\/wp\/v2\/pages\/10537\/revisions"}],"predecessor-version":[{"id":11250,"href":"https:\/\/vansegcorretora.net\/consorcios\/wp-json\/wp\/v2\/pages\/10537\/revisions\/11250"}],"wp:attachment":[{"href":"https:\/\/vansegcorretora.net\/consorcios\/wp-json\/wp\/v2\/media?parent=10537"}],"curies":[{"name":"wp","href":"https:\/\/api.w.org\/{rel}","templated":true}]}}